{"id":146,"date":"2026-04-21T00:28:27","date_gmt":"2026-04-20T22:28:27","guid":{"rendered":"https:\/\/opticaclaudio.ch\/?page_id=146"},"modified":"2026-04-24T23:20:22","modified_gmt":"2026-04-24T21:20:22","slug":"vorsorgeaugencheck","status":"publish","type":"page","link":"https:\/\/opticaclaudio.ch\/index.php\/vorsorgeaugencheck\/","title":{"rendered":"Vorsorgeaugencheck"},"content":{"rendered":"<h2>Vorsorge &#8211; Augengesundheitscheck<\/h2>\n<p>Mit unseren neuen <strong>modernen Ger\u00e4ten und k\u00fcnstlicher Intelligenz von RetinaLyze<\/strong> k\u00f6nnen wir Augenerkrankungen <strong>fr\u00fchzeitig erkennen<\/strong> und Sie im Bedarfsfall an einen Augenarzt \u00fcberweisen<\/p>\n<p>Leistung:<\/p>\n<ul>\n<li><strong>Gr\u00fcner Star<\/strong> mit Hemoglobin Wert<\/li>\n<li><strong>Grauer Star<\/strong><\/li>\n<li>Screening mit OTC auf <strong>Makuladegeneration<\/strong>, sowie auch fr\u00fchzeitiges Eingreifen und Vorbeugen<\/li>\n<li><strong>Diabetes<\/strong> (fr\u00fchzeitiges erkennen)<\/li>\n<li>Ausf\u00fchrlicher <strong>Sehtest<\/strong> und <strong>Sehberatung<\/strong><\/li>\n<li><strong>Trockene Augen<\/strong><\/li>\n<\/ul>\n<p>Tun Sie Heute etwas gutes f\u00fcr Ihre Augen. Vereinbaren Sie jetzt einen Termin f\u00fcr Ihr Retinalyce-Augenscreening<\/p>\n<p>Termin vereinbaren:<\/p>\n<p>Tel. 081 864 99 77<\/p>\n<p>Online:<\/p>\n<p>&nbsp;<\/p>\n<p>&nbsp;<\/p>\n<p>&nbsp;<\/p>\n","protected":false},"excerpt":{"rendered":"<p>Vorsorge &#8211; Augengesundheitscheck Mit unseren neuen modernen Ger\u00e4ten und k\u00fcnstlicher Intelligenz von RetinaLyze k\u00f6nnen wir Augenerkrankungen fr\u00fchzeitig erkennen und Sie im Bedarfsfall an einen Augenarzt \u00fcberweisen Leistung: Gr\u00fcner Star mit Hemoglobin Wert Grauer Star Screening mit OTC auf Makuladegeneration, sowie auch fr\u00fchzeitiges Eingreifen und Vorbeugen Diabetes (fr\u00fchzeitiges erkennen) Ausf\u00fchrlicher Sehtest und Sehberatung Trockene Augen Tun<\/p>\n","protected":false},"author":1,"featured_media":0,"parent":0,"menu_order":0,"comment_status":"closed","ping_status":"closed","template":"","meta":{"footnotes":""},"class_list":["post-146","page","type-page","status-publish","hentry","prodpage-style2"],"_links":{"self":[{"href":"https:\/\/opticaclaudio.ch\/index.php\/wp-json\/wp\/v2\/pages\/146","targetHints":{"allow":["GET"]}}],"collection":[{"href":"https:\/\/opticaclaudio.ch\/index.php\/wp-json\/wp\/v2\/pages"}],"about":[{"href":"https:\/\/opticaclaudio.ch\/index.php\/wp-json\/wp\/v2\/types\/page"}],"author":[{"embeddable":true,"href":"https:\/\/opticaclaudio.ch\/index.php\/wp-json\/wp\/v2\/users\/1"}],"replies":[{"embeddable":true,"href":"https:\/\/opticaclaudio.ch\/index.php\/wp-json\/wp\/v2\/comments?post=146"}],"version-history":[{"count":3,"href":"https:\/\/opticaclaudio.ch\/index.php\/wp-json\/wp\/v2\/pages\/146\/revisions"}],"predecessor-version":[{"id":66304,"href":"https:\/\/opticaclaudio.ch\/index.php\/wp-json\/wp\/v2\/pages\/146\/revisions\/66304"}],"wp:attachment":[{"href":"https:\/\/opticaclaudio.ch\/index.php\/wp-json\/wp\/v2\/media?parent=146"}],"curies":[{"name":"wp","href":"https:\/\/api.w.org\/{rel}","templated":true}]}}